{"id":59196,"date":"2024-11-17T12:54:22","date_gmt":"2024-11-17T11:54:22","guid":{"rendered":"https:\/\/futur-print3d.fr\/?page_id=59196"},"modified":"2024-11-17T12:58:02","modified_gmt":"2024-11-17T11:58:02","slug":"cgv","status":"publish","type":"page","link":"https:\/\/futur-print3d.fr\/index.php\/cgv\/","title":{"rendered":"CGV"},"content":{"rendered":"\t\t<div data-elementor-type=\"wp-page\" data-elementor-id=\"59196\" class=\"elementor elementor-59196\">\n\t\t\t\t<div class=\"elementor-element elementor-element-151aaab e-flex e-con-boxed e-con e-parent\" data-id=\"151aaab\" data-element_type=\"container\" data-e-type=\"container\">\r\n\t\t\t\t\t<div class=\"e-con-inner\">\r\n\t\t\t\t<div class=\"elementor-element elementor-element-12c093b elementor-widget elementor-widget-text-editor\" data-id=\"12c093b\" data-element_type=\"widget\" data-e-type=\"widget\" data-widget_type=\"text-editor.default\">\n\t\t\t\t<div class=\"elementor-widget-container\">\n\t\t\t\t\t\t\t\t\t<p>\u00a0<\/p><p>CONDITIONS G\u00c9N\u00c9RALES DE VENTE<\/p><p><span style=\"color: #ffffff;\">1 \u2013\u00a0<strong>PR\u00c9AMBULE<\/strong><\/span><\/p><p>Les pr\u00e9sentes conditions sont conclues entre, d\u2019une part, la soci\u00e9t\u00e9 , inscrite au RCS de Beauvais sous le num\u00e9ro 89364703200018, 64 grande rue 60430 Hodenc l\u2019\u00e9v\u00eaque ci-apr\u00e8s d\u00e9nomm\u00e9e \u00ab futur-print3D \u00bb et, d\u2019autre part, les personnes souhaitant effectuer un achat via le site internet de Status3D (http:\/\/futur-print3d\/) ci-apr\u00e8s d\u00e9nomm\u00e9es \u00ab le client \u00bb.<\/p><p>\u00a0<\/p><p><span style=\"color: #ffffff;\">2 \u2013\u00a0<strong>CHAMPS<\/strong>\u00a0D\u2019APPLICATION<\/span><\/p><p>Les pr\u00e9sentes conditions g\u00e9n\u00e9rales s\u2019appliquent \u00e0 toute vente de produits pr\u00e9sent\u00e9s sur le site http:\/\/futur-print3d\/. Toute commande effectu\u00e9e aupr\u00e8s de futur-print3D doit obligatoirement entra\u00eener la validation des conditions g\u00e9n\u00e9rales de ventes ci-pr\u00e9sentes et entra\u00eene donc l\u2019acceptation sans r\u00e9serve de celles-ci.<\/p><p>\u00a0<\/p><p><span style=\"color: #ffffff;\">3 \u2013<strong>\u00a0LES STOCKS<\/strong><\/span><\/p><p>Les stocks mentionn\u00e9s sur le site de futur-print3D le sont \u00e0 titre indicatif, le code couleur utilis\u00e9 est le suivant :<\/p><p>Vert : produit disponible<\/p><p>Orange : quantit\u00e9 en stock inf\u00e9rieure ou \u00e9gale \u00e0 2<\/p><p>Rouge : produit indisponible (en r\u00e9approvisionnement)<\/p><p>\u00a0<\/p><p>La mise \u00e0 jour se fait en temps r\u00e9el, toutefois il est possible que deux clients commandent en m\u00eame temps le dernier produit d\u2019une s\u00e9rie. Dans ces conditions Futur-print3D s\u2019engage \u00e0 proposer un nouveau d\u00e9lai de livraison d\u00e9pendant des propres d\u00e9lais du fournisseur \u00e0 l\u2019un des deux clients dans le cas o\u00f9 le produit command\u00e9 doit \u00eatre fabriqu\u00e9.<\/p><p>Dans le cas o\u00f9 le produit n\u2019existe plus ou ne peut plus \u00eatre fabriqu\u00e9, Futur-print3D s\u2019engage \u00e0 proposer un remboursement sous forme de code promotionnel utilisable sur le site ou \u00e0 proposer un produit \u00e9quivalent dans les plus brefs d\u00e9lais apr\u00e8s l\u2019accord du client.<\/p><p>\u00a0<\/p><p><span style=\"color: #ffffff;\">4 \u2013\u00a0<strong>LES D\u00c9LAIS ET LA LIVRAISON<\/strong><\/span><\/p><p>Concernant les d\u00e9lais, Futur-print3D s\u2019engage \u00e0 remettre la commande \u00e0 un transporteur entre 1 et 10 jours ouvr\u00e9s \u00e0 partir du jour ou le paiement est valid\u00e9 par l\u2019organisme financier qui g\u00e8re les encaissements.<\/p><p>Lors de la livraison, en cas de perte, Futur-print3D s\u2019engage \u00e0 effectuer un remboursement uniquement apr\u00e8s que le transporteur ait officiellement d\u00e9clar\u00e9 en perte les produits command\u00e9s.<\/p><p>\u00a0<\/p><p>Lorsque vous commandez plusieurs produits en m\u00eame temps et que certains ne sont pas disponibles sur stock, Futur-print3D se r\u00e9serve toutefois la possibilit\u00e9 de fractionner l\u2019exp\u00e9dition de la commande. Les produits en reliquat seront exp\u00e9di\u00e9s en une seule fois et \u00e0 notre charge.<\/p><p>En cas de retard d\u2019exp\u00e9dition, un mail vous sera adress\u00e9 pour vous informer d\u2019une \u00e9ventuelle cons\u00e9quence sur le d\u00e9lai de livraison qui vous a \u00e9t\u00e9 indiqu\u00e9 lors de votre commande. En cas de retard de livraison, nous vous proposerons par mail un nouveau d\u00e9lai de livraison.<\/p><p>\u00a0<\/p><p>Dans le but de s\u00e9curiser tous les envois, les produits sont envoy\u00e9s dans des colis avec num\u00e9ro de suivi.Via Colissimo ou Mondial Relay<\/p><p>Si le client n\u2019est pas pr\u00e9sent lors de la livraison (envoi par La Poste ou transporteur), le livreur laissera un avis de passage invitant celui-ci \u00e0 aller retirer sa commande au d\u00e9p\u00f4t le plus proche.<\/p><p>Pour le retrait de la commande, une pi\u00e8ce d\u2019identit\u00e9 en vigueur sera exig\u00e9e.<\/p><p>\u00a0<\/p><p><span style=\"color: #ffffff;\">5 \u2013\u00a0<strong>FRAIS DE LIVRAISON<\/strong><\/span><\/p><p>Le montant des frais de livraison sera pr\u00e9cis\u00e9 avant validation de la commande.<\/p><p>Les livraisons se font uniquement en France continentale, Corse et Monaco et \u00e9galement tous pays indiqu\u00e9s<\/p><p>\u00a0<\/p><p><span style=\"color: #ffffff;\">6 \u2013<strong>\u00a0LES PRIX<\/strong><\/span><\/p><p>Les prix de nos produits sont indiqu\u00e9s en euros\u00a0 hors participation aux frais d\u2019exp\u00e9dition. Futur-print3D se r\u00e9serve le droit de modifier ses prix \u00e0 tout moment mais les produits seront factur\u00e9s sur la base des tarifs en vigueur au moment de votre validation de commande.<\/p><p>\u00a0<\/p><p><span style=\"color: #ffffff;\">7 \u2013\u00a0<strong>VALIDATION DU CONTRAT<\/strong><\/span><\/p><p>Le contrat de vente est consid\u00e9r\u00e9 comme conclu uniquement une fois le compte du client d\u00e9bit\u00e9 pour le paiement par carte de cr\u00e9dit , virement bancaire ou Paypal<\/p><p>\u00a0<\/p><p>7.1 Commander<\/p><p>Lorsque vous arrivez sur le site Futur-print3D, la page d\u2019accueil vous expose directement les diff\u00e9rentes cat\u00e9gories :<\/p><p>Accueil \/ Boutique \/ Panier \/ mon compte<\/p><p>Sur la page boutique les produits sont class\u00e9 par diff\u00e9rentes cat\u00e9gories<\/p><p>Consommable\/Divers\/films\/Figurines\/Mariage\/Non class\u00e9\/Objets d\u00e9coratif\/Pi\u00e8ce de rechange<\/p><p>\u00a0<\/p><p>Pour faire l\u2019acquisition d\u2019un produit, il vous suffit alors de cliquer sur la fiche produit de votre choix ou d\u2019indiquer directement la quantit\u00e9 souhait\u00e9e puis valid\u00e9 par un clic sur le bouton \u00ab Ajouter au panier \u00bb.<\/p><p>\u00a0<\/p><p>Pour passer commande, il vous suffit de cliquer sur le bouton \u00ab Mon panier \u00bb, de v\u00e9rifier les articles command\u00e9s et les quantit\u00e9s souhait\u00e9es puis cliquez sur le bouton \u00ab Commander ou VALIDER \u00bb.<\/p><p>\u00a0<\/p><p>Passer commande implique que le client doit cr\u00e9er ou disposer d\u2019un compte client, fournir ses adresses de livraison et de facturation exactes, v\u00e9rifier le montant exact qui lui sera factur\u00e9 comprenant le prix\u00a0 de chaque produit ainsi que le prix TTC des frais de port et ensuite cliquer sur le mode de paiement de son choix :<\/p><p>\u00a0<\/p><ul><li>Carte de cr\u00e9dit qui enverra le client vers une page de paiement s\u00e9curis\u00e9e de type SSL.<\/li><\/ul><p>Un r\u00e9capitulatif des\u00a0informations\u00a0de votre commande vous sera communiqu\u00e9 via l\u2019e-mail de confirmation de votre commande. La facture sera disponible dans l\u2019espace client d\u00e8s l\u2019envoi de la commande.<\/p><p>\u00a0<\/p><p>7.2 Le paiement s\u00e9curis\u00e9<\/p><p>Le paiement en ligne par carte bancaire est r\u00e9alis\u00e9 par l\u2019interm\u00e9diaire de Hello Banque. Les donn\u00e9es enregistr\u00e9es par le syst\u00e8me de paiement Banque Hello Bank constituent la preuve des transactions financi\u00e8res r\u00e9alis\u00e9es par carte bancaire.<\/p><p>Le client d\u00e9clare disposer de toutes les autorisations n\u00e9cessaires pour un paiement par carte de cr\u00e9dit lors de la validation de sa commande. En cas de suspicion de fraude, Futur-print3D se r\u00e9serve le droit d\u2019entamer une proc\u00e9dure d\u2019information compl\u00e9mentaire envers un client en lui demandant diff\u00e9rents justificatifs et, suite \u00e0 cette proc\u00e9dure, d\u2019annuler ou de suspendre toute commande ou livraison.<\/p><p>\u00a0<\/p><p>\u00a0<\/p><p><span style=\"color: #ffffff;\">8 \u2013<strong>\u00a0RETOUR DES PRODUITS<\/strong><\/span><\/p><p>8.1 Le droit de r\u00e9tractation r\u00e9serv\u00e9e aux particuliers<\/p><p>Dans les conditions pr\u00e9vues par l\u2019article L121-16 du Code de la consommation et dans le cadre de la vente \u00e0 distance, l\u2019acheteur dispose d\u2019un d\u00e9lai de r\u00e9tractation de 14 jours \u00e0 compter de la livraison de sa commande qui lui sera rembours\u00e9e contre restitution des produits livr\u00e9s sous r\u00e9serve du respect des conditions ci-dessous :<\/p><p>\u00a0<\/p><ul><li>Les frais de retour restent \u00e0 la charge du client.<\/li><li>Le retour des produits doit s\u2019effectuer de la mani\u00e8re suivante :<\/li><\/ul><p>1-Faire une demande par mail du formulaire de r\u00e9tractation : contact@ futur-print3D.<\/p><p>2- Retour obligatoire des produits dans un suremballage.<\/p><p>3- Le retour des produits doit s\u2019effectuer dans leur emballage d\u2019origine non ouvert, en \u00e9tat de revente \u00e0 neuf, accompagn\u00e9s de tous les accessoires et notices \u00e9ventuels en parfait \u00e9tat de revente.<\/p><p>\u00a0<\/p><p>Si vous ne retournez pas l\u2019int\u00e9gralit\u00e9 de votre commande et conservez un ou des produits command\u00e9s, le montant des frais de livraison \u00ab\u00a0aller\u00a0\u00bb ne sera pas rembours\u00e9.<\/p><p>\u00a0<\/p><p>\u00a0<\/p><p>8.2 Cas particulier d\u2019un produit non conforme<\/p><p>Futur-print3D vous conseille de contr\u00f4ler la commande au moment de sa livraison et dans le cas o\u00f9 celle-ci serait non conforme (erreur de produit, produit d\u00e9fectueux, endommag\u00e9 ou incomplet), de faire des r\u00e9serves \u00e9crites sur le bordereau de livraison du transporteur. La d\u00e9claration du litige devra nous parvenir par mail dans les 24 heures suivant la r\u00e9ception \u00e0 : contact@futur-print3D.<\/p><p>\u00a0<\/p><p>\u00a0<\/p><p><span style=\"color: #ffffff;\">9 \u2013\u00a0<strong>LOI INFORMATIQUE ET LIBERT\u00c9<\/strong><\/span><\/p><p>Conform\u00e9ment \u00e0 la loi informatique et libert\u00e9 du 6 janvier 1978, le client dispose d\u2019un droit d\u2019acc\u00e8s et de rectification aux donn\u00e9es le concernant. Futur-print3D garantit au client un respect total des informations confidentielles enregistr\u00e9es sur les supports informatiques.<\/p><p>Futur-print3D s\u2019engage \u00e0 ne divulguer aucune information susceptible de permettre \u00e0 des tiers de conna\u00eetre les donn\u00e9es confidentielles au sens de la loi informatique et libert\u00e9.<\/p><p>\u00a0<\/p><p>\u00a0<\/p><p><span style=\"color: #ffffff;\">10 \u2013\u00a0<strong>SERVICE CLIENT\u00c8LE<\/strong><\/span><\/p><p>Pour toute information ou question, joindre notre service client\u00e8le par mail \u00e0 : contact@futur-print3D<\/p><p>\u00a0<\/p><p>\u00a0<\/p><p><span style=\"color: #ffffff;\">11 \u2013\u00a0<strong>RESPONSABILIT\u00c9<\/strong><\/span><\/p><p>Les produits propos\u00e9s sont conformes \u00e0 la l\u00e9gislation fran\u00e7aise en vigueur. La responsabilit\u00e9 de Futur-print3D ne saurait \u00eatre engag\u00e9e en cas de non-respect de la l\u00e9gislation du pays o\u00f9 le produit est livr\u00e9 (par exemple en cas d\u2019interdiction d\u2019un titre ou d\u2019un produit). Il vous appartient de v\u00e9rifier aupr\u00e8s des autorit\u00e9s locales les possibilit\u00e9s d\u2019importation ou d\u2019utilisation des produits ou services que vous envisagez de commander.<\/p><p>\u00a0Futur-print3D est un\u00a0\u00a0Vendeur STLFLIX et Sanix\u00a0 agr\u00e9\u00e9<\/p><p>\u00a0<\/p><p><span style=\"color: #ffffff;\">12 \u2013<strong>\u00a0M\u00c9DIATION<\/strong><\/span><\/p><p>Si un litige persiste malgr\u00e9 des propositions de conciliation entre le client et le vendeur, le client peut faire appel, gratuitement, \u00e0 un m\u00e9diateur. La plateforme de r\u00e8glement en ligne des litiges de la Commission europ\u00e9enne est accessible aussi bien par le client que par le professionnel. Elle permet de choisir un organisme agr\u00e9\u00e9 de m\u00e9diation.<\/p><p>Avant de faire appel \u00e0 un m\u00e9diateur, le client devra prouver que ses d\u00e9marches \u00e9crites ont \u00e9chou\u00e9.<\/p><p>\u00a0<\/p><p>\u00a0<\/p><p><span style=\"color: #ffffff;\">13 \u2013\u00a0<strong>LOI APPLICABLE ET COMP\u00c9TENCE JURIDICTIONNELLE<\/strong><\/span><\/p><p>Les Conditions G\u00e9n\u00e9rales sont soumises \u00e0 la loi fran\u00e7aise. Le tribunal comp\u00e9tent en cas de litige sera celui du lieu de domicile du vendeur.<\/p><p><span style=\"color: #ffffff;\">\u00a014-\u00a0<strong>Clause de non-affiliation :<\/strong><\/span><\/p><p>Tous les noms de produits, logos, marques et autres marques ou images pr\u00e9sent\u00e9es ou mentionn\u00e9es chez Futur-print3D, les annonces de vente en lignes et\/ou sur n\u2019importe quel forum de m\u00e9dias sociaux sont la propri\u00e9t\u00e9 de leurs titulaires respectifs de marques ou de droits d\u2019auteur. Ces titulaires de marques ou de droits d\u2019auteur ne sont pas affili\u00e9s \u00e0 Futur-print3D. Ces titulaires de marques ou de droits d\u2019auteur ne sponsorisent ni n\u2019approuvent Futur-print3D ou l\u2019un de ses produits ou commentaires.<\/p><p>En outre, Futur-print3D d\u00e9clare aucune affiliation, parrainage, ni aucun partenariat avec des marques d\u00e9pos\u00e9es ou du mat\u00e9riel prot\u00e9g\u00e9 par le droit d\u2019auteur, sauf indication contraire. Essentiellement, ces produits sont simplement inspir\u00e9s.<\/p><p>\u00a0<\/p><p><span style=\"color: #ffffff;\"><strong>MENTIONS L\u00c9GALES<\/strong><\/span><\/p><p>Ce site est h\u00e9berg\u00e9 et g\u00e9r\u00e9 par LWS, RCS Paris B 851 993 683,\u00a0 dont le si\u00e8ge social est sis 2 rue jules ferry 88190 Golbey<\/p><p>\u00a0<\/p>\t\t\t\t\t\t\t\t<\/div>\n\t\t\t\t<\/div>\n\t\t\t\t\t<\/div>\n\t\t\t\t<\/div>\n\t\t\t\t<\/div>\n\t\t","protected":false},"excerpt":{"rendered":"<p>\u00a0 CONDITIONS G\u00c9N\u00c9RALES DE VENTE 1 \u2013\u00a0PR\u00c9AMBULE Les pr\u00e9sentes conditions sont conclues entre, d\u2019une part, la soci\u00e9t\u00e9 , inscrite au RCS de Beauvais sous le num\u00e9ro 89364703200018, 64 grande rue 60430 Hodenc l\u2019\u00e9v\u00eaque ci-apr\u00e8s d\u00e9nomm\u00e9e \u00ab futur-print3D \u00bb et, d\u2019autre part, les personnes souhaitant effectuer un achat via le site internet de Status3D (http:\/\/futur-print3d\/) ci-apr\u00e8s [&hellip;]<\/p>\n","protected":false},"author":1,"featured_media":0,"parent":0,"menu_order":0,"comment_status":"closed","ping_status":"closed","template":"","meta":{"_acf_changed":false,"footnotes":""},"class_list":["post-59196","page","type-page","status-publish","hentry"],"acf":[],"yoast_head":"<!-- This site is optimized with the Yoast SEO plugin v27.5 - https:\/\/yoast.com\/product\/yoast-seo-wordpress\/ -->\n<title>CGV - futur-print3d<\/title>\n<meta name=\"robots\" content=\"index, follow, max-snippet:-1, max-image-preview:large, max-video-preview:-1\" \/>\n<link rel=\"canonical\" href=\"https:\/\/futur-print3d.fr\/index.php\/cgv\/\" \/>\n<meta property=\"og:locale\" content=\"fr_FR\" \/>\n<meta property=\"og:type\" content=\"article\" \/>\n<meta property=\"og:title\" content=\"CGV - futur-print3d\" \/>\n<meta property=\"og:description\" content=\"\u00a0 CONDITIONS G\u00c9N\u00c9RALES DE VENTE 1 \u2013\u00a0PR\u00c9AMBULE Les pr\u00e9sentes conditions sont conclues entre, d\u2019une part, la soci\u00e9t\u00e9 , inscrite au RCS de Beauvais sous le num\u00e9ro 89364703200018, 64 grande rue 60430 Hodenc l\u2019\u00e9v\u00eaque ci-apr\u00e8s d\u00e9nomm\u00e9e \u00ab futur-print3D \u00bb et, d\u2019autre part, les personnes souhaitant effectuer un achat via le site internet de Status3D (http:\/\/futur-print3d\/) ci-apr\u00e8s [&hellip;]\" \/>\n<meta property=\"og:url\" content=\"https:\/\/futur-print3d.fr\/index.php\/cgv\/\" \/>\n<meta property=\"og:site_name\" content=\"futur-print3d\" \/>\n<meta property=\"article:modified_time\" content=\"2024-11-17T11:58:02+00:00\" \/>\n<meta property=\"og:image\" content=\"https:\/\/futur-print3d.fr\/wp-content\/uploads\/2026\/04\/logo-en-vrai-transparence.png\" \/>\n\t<meta property=\"og:image:width\" content=\"1395\" \/>\n\t<meta property=\"og:image:height\" content=\"1186\" \/>\n\t<meta property=\"og:image:type\" content=\"image\/png\" \/>\n<meta name=\"twitter:card\" content=\"summary_large_image\" \/>\n<meta name=\"twitter:label1\" content=\"Dur\u00e9e de lecture estim\u00e9e\" \/>\n\t<meta name=\"twitter:data1\" content=\"9 minutes\" \/>\n<script type=\"application\/ld+json\" class=\"yoast-schema-graph\">{\"@context\":\"https:\\\/\\\/schema.org\",\"@graph\":[{\"@type\":\"WebPage\",\"@id\":\"https:\\\/\\\/futur-print3d.fr\\\/index.php\\\/cgv\\\/\",\"url\":\"https:\\\/\\\/futur-print3d.fr\\\/index.php\\\/cgv\\\/\",\"name\":\"CGV - futur-print3d\",\"isPartOf\":{\"@id\":\"https:\\\/\\\/futur-print3d.fr\\\/#website\"},\"datePublished\":\"2024-11-17T11:54:22+00:00\",\"dateModified\":\"2024-11-17T11:58:02+00:00\",\"breadcrumb\":{\"@id\":\"https:\\\/\\\/futur-print3d.fr\\\/index.php\\\/cgv\\\/#breadcrumb\"},\"inLanguage\":\"fr-FR\",\"potentialAction\":[{\"@type\":\"ReadAction\",\"target\":[\"https:\\\/\\\/futur-print3d.fr\\\/index.php\\\/cgv\\\/\"]}]},{\"@type\":\"BreadcrumbList\",\"@id\":\"https:\\\/\\\/futur-print3d.fr\\\/index.php\\\/cgv\\\/#breadcrumb\",\"itemListElement\":[{\"@type\":\"ListItem\",\"position\":1,\"name\":\"Accueil\",\"item\":\"https:\\\/\\\/futur-print3d.fr\\\/\"},{\"@type\":\"ListItem\",\"position\":2,\"name\":\"CGV\"}]},{\"@type\":\"WebSite\",\"@id\":\"https:\\\/\\\/futur-print3d.fr\\\/#website\",\"url\":\"https:\\\/\\\/futur-print3d.fr\\\/\",\"name\":\"futur-print3d\",\"description\":\"\",\"publisher\":{\"@id\":\"https:\\\/\\\/futur-print3d.fr\\\/#organization\"},\"potentialAction\":[{\"@type\":\"SearchAction\",\"target\":{\"@type\":\"EntryPoint\",\"urlTemplate\":\"https:\\\/\\\/futur-print3d.fr\\\/?s={search_term_string}\"},\"query-input\":{\"@type\":\"PropertyValueSpecification\",\"valueRequired\":true,\"valueName\":\"search_term_string\"}}],\"inLanguage\":\"fr-FR\"},{\"@type\":\"Organization\",\"@id\":\"https:\\\/\\\/futur-print3d.fr\\\/#organization\",\"name\":\"futur-print3d\",\"url\":\"https:\\\/\\\/futur-print3d.fr\\\/\",\"logo\":{\"@type\":\"ImageObject\",\"inLanguage\":\"fr-FR\",\"@id\":\"https:\\\/\\\/futur-print3d.fr\\\/#\\\/schema\\\/logo\\\/image\\\/\",\"url\":\"https:\\\/\\\/futur-print3d.fr\\\/wp-content\\\/uploads\\\/2018\\\/03\\\/logo-grand-format.webp\",\"contentUrl\":\"https:\\\/\\\/futur-print3d.fr\\\/wp-content\\\/uploads\\\/2018\\\/03\\\/logo-grand-format.webp\",\"width\":1024,\"height\":871,\"caption\":\"futur-print3d\"},\"image\":{\"@id\":\"https:\\\/\\\/futur-print3d.fr\\\/#\\\/schema\\\/logo\\\/image\\\/\"}}]}<\/script>\n<!-- \/ Yoast SEO plugin. -->","yoast_head_json":{"title":"CGV - futur-print3d","robots":{"index":"index","follow":"follow","max-snippet":"max-snippet:-1","max-image-preview":"max-image-preview:large","max-video-preview":"max-video-preview:-1"},"canonical":"https:\/\/futur-print3d.fr\/index.php\/cgv\/","og_locale":"fr_FR","og_type":"article","og_title":"CGV - futur-print3d","og_description":"\u00a0 CONDITIONS G\u00c9N\u00c9RALES DE VENTE 1 \u2013\u00a0PR\u00c9AMBULE Les pr\u00e9sentes conditions sont conclues entre, d\u2019une part, la soci\u00e9t\u00e9 , inscrite au RCS de Beauvais sous le num\u00e9ro 89364703200018, 64 grande rue 60430 Hodenc l\u2019\u00e9v\u00eaque ci-apr\u00e8s d\u00e9nomm\u00e9e \u00ab futur-print3D \u00bb et, d\u2019autre part, les personnes souhaitant effectuer un achat via le site internet de Status3D (http:\/\/futur-print3d\/) ci-apr\u00e8s [&hellip;]","og_url":"https:\/\/futur-print3d.fr\/index.php\/cgv\/","og_site_name":"futur-print3d","article_modified_time":"2024-11-17T11:58:02+00:00","og_image":[{"width":1395,"height":1186,"url":"https:\/\/futur-print3d.fr\/wp-content\/uploads\/2026\/04\/logo-en-vrai-transparence.png","type":"image\/png"}],"twitter_card":"summary_large_image","twitter_misc":{"Dur\u00e9e de lecture estim\u00e9e":"9 minutes"},"schema":{"@context":"https:\/\/schema.org","@graph":[{"@type":"WebPage","@id":"https:\/\/futur-print3d.fr\/index.php\/cgv\/","url":"https:\/\/futur-print3d.fr\/index.php\/cgv\/","name":"CGV - futur-print3d","isPartOf":{"@id":"https:\/\/futur-print3d.fr\/#website"},"datePublished":"2024-11-17T11:54:22+00:00","dateModified":"2024-11-17T11:58:02+00:00","breadcrumb":{"@id":"https:\/\/futur-print3d.fr\/index.php\/cgv\/#breadcrumb"},"inLanguage":"fr-FR","potentialAction":[{"@type":"ReadAction","target":["https:\/\/futur-print3d.fr\/index.php\/cgv\/"]}]},{"@type":"BreadcrumbList","@id":"https:\/\/futur-print3d.fr\/index.php\/cgv\/#breadcrumb","itemListElement":[{"@type":"ListItem","position":1,"name":"Accueil","item":"https:\/\/futur-print3d.fr\/"},{"@type":"ListItem","position":2,"name":"CGV"}]},{"@type":"WebSite","@id":"https:\/\/futur-print3d.fr\/#website","url":"https:\/\/futur-print3d.fr\/","name":"futur-print3d","description":"","publisher":{"@id":"https:\/\/futur-print3d.fr\/#organization"},"potentialAction":[{"@type":"SearchAction","target":{"@type":"EntryPoint","urlTemplate":"https:\/\/futur-print3d.fr\/?s={search_term_string}"},"query-input":{"@type":"PropertyValueSpecification","valueRequired":true,"valueName":"search_term_string"}}],"inLanguage":"fr-FR"},{"@type":"Organization","@id":"https:\/\/futur-print3d.fr\/#organization","name":"futur-print3d","url":"https:\/\/futur-print3d.fr\/","logo":{"@type":"ImageObject","inLanguage":"fr-FR","@id":"https:\/\/futur-print3d.fr\/#\/schema\/logo\/image\/","url":"https:\/\/futur-print3d.fr\/wp-content\/uploads\/2018\/03\/logo-grand-format.webp","contentUrl":"https:\/\/futur-print3d.fr\/wp-content\/uploads\/2018\/03\/logo-grand-format.webp","width":1024,"height":871,"caption":"futur-print3d"},"image":{"@id":"https:\/\/futur-print3d.fr\/#\/schema\/logo\/image\/"}}]}},"jetpack_sharing_enabled":true,"_links":{"self":[{"href":"https:\/\/futur-print3d.fr\/index.php\/wp-json\/wp\/v2\/pages\/59196","targetHints":{"allow":["GET"]}}],"collection":[{"href":"https:\/\/futur-print3d.fr\/index.php\/wp-json\/wp\/v2\/pages"}],"about":[{"href":"https:\/\/futur-print3d.fr\/index.php\/wp-json\/wp\/v2\/types\/page"}],"author":[{"embeddable":true,"href":"https:\/\/futur-print3d.fr\/index.php\/wp-json\/wp\/v2\/users\/1"}],"replies":[{"embeddable":true,"href":"https:\/\/futur-print3d.fr\/index.php\/wp-json\/wp\/v2\/comments?post=59196"}],"version-history":[{"count":4,"href":"https:\/\/futur-print3d.fr\/index.php\/wp-json\/wp\/v2\/pages\/59196\/revisions"}],"predecessor-version":[{"id":59200,"href":"https:\/\/futur-print3d.fr\/index.php\/wp-json\/wp\/v2\/pages\/59196\/revisions\/59200"}],"wp:attachment":[{"href":"https:\/\/futur-print3d.fr\/index.php\/wp-json\/wp\/v2\/media?parent=59196"}],"curies":[{"name":"wp","href":"https:\/\/api.w.org\/{rel}","templated":true}]}}